[INFO] cloning repository https://github.com/echelon/laser-graffiti
[INFO] running `Command { std: "git" "-c" "credential.helper=" "-c" "credential.helper=/workspace/cargo-home/bin/git-credential-null" "clone" "--bare" "https://github.com/echelon/laser-graffiti" "/workspace/cache/git-repos/https%3A%2F%2Fgithub.com%2Fechelon%2Flaser-graffiti", kill_on_drop: false }`
[INFO] [stderr] Cloning into bare repository '/workspace/cache/git-repos/https%3A%2F%2Fgithub.com%2Fechelon%2Flaser-graffiti'...
[INFO] running `Command { std: "git" "rev-parse" "HEAD", kill_on_drop: false }`
[INFO] [stdout] a5859e199020190d8b72e77d1c3385804628141f
[INFO] building echelon/laser-graffiti against master#ff34b919075f35a1787659e9c448a34b06bab8de for issue-85264
[INFO] running `Command { std: "git" "clone" "/workspace/cache/git-repos/https%3A%2F%2Fgithub.com%2Fechelon%2Flaser-graffiti" "/workspace/builds/worker-8/source", kill_on_drop: false }`
[INFO] [stderr] Cloning into '/workspace/builds/worker-8/source'...
[INFO] [stderr] done.
[INFO] validating manifest of git repo https://github.com/echelon/laser-graffiti on toolchain ff34b919075f35a1787659e9c448a34b06bab8de
[INFO] running `Command { std: "/workspace/cargo-home/bin/cargo" "+ff34b919075f35a1787659e9c448a34b06bab8de" "metadata" "--manifest-path" "Cargo.toml" "--no-deps", kill_on_drop: false }`
[INFO] started tweaking git repo https://github.com/echelon/laser-graffiti
[INFO] finished tweaking git repo https://github.com/echelon/laser-graffiti
[INFO] tweaked toml for git repo https://github.com/echelon/laser-graffiti written to /workspace/builds/worker-8/source/Cargo.toml
[INFO] crate git repo https://github.com/echelon/laser-graffiti already has a lockfile, it will not be regenerated
[INFO] running `Command { std: "/workspace/cargo-home/bin/cargo" "+ff34b919075f35a1787659e9c448a34b06bab8de" "fetch" "--manifest-path" "Cargo.toml", kill_on_drop: false }`
[INFO] [stderr] warning: An explicit [[bin]] section is specified in Cargo.toml which currently
[INFO] [stderr] disables Cargo from automatically inferring other binary targets.
[INFO] [stderr] This inference behavior will change in the Rust 2018 edition and the following
[INFO] [stderr] files will be included as a binary target:
[INFO] [stderr] 
[INFO] [stderr] * /workspace/builds/worker-8/source/src/main.rs
[INFO] [stderr] 
[INFO] [stderr] This is likely to break cargo build or cargo test as these files may not be
[INFO] [stderr] ready to be compiled as a binary target today. You can future-proof yourself
[INFO] [stderr] and disable this warning by adding `autobins = false` to your [package]
[INFO] [stderr] section. You may also move the files to a location where Cargo would not
[INFO] [stderr] automatically infer them to be a target, such as in subfolders.
[INFO] [stderr] 
[INFO] [stderr] For more information on this warning you can consult
[INFO] [stderr] https://github.com/rust-lang/cargo/issues/5330
[INFO] [stderr] warning: path `/workspace/builds/worker-8/source/src/main.rs` was erroneously implicitly accepted for binary `graffiti`,
[INFO] [stderr] please set bin.path in Cargo.toml
[INFO] running `Command { std: "docker" "create" "-v" "/var/lib/crater-agent-workspace/builds/worker-8/target:/opt/rustwide/target:rw,Z" "-v" "/var/lib/crater-agent-workspace/builds/worker-8/source:/opt/rustwide/workdir:ro,Z" "-v" "/var/lib/crater-agent-workspace/cargo-home:/opt/rustwide/cargo-home:ro,Z" "-v" "/var/lib/crater-agent-workspace/rustup-home:/opt/rustwide/rustup-home:ro,Z" "-e" "SOURCE_DIR=/opt/rustwide/workdir" "-e" "CARGO_TARGET_DIR=/opt/rustwide/target" "-e" "CARGO_HOME=/opt/rustwide/cargo-home" "-e" "RUSTUP_HOME=/opt/rustwide/rustup-home" "-w" "/opt/rustwide/workdir" "-m" "1610612736" "--user" "0:0" "--network" "none" "ghcr.io/rust-lang/crates-build-env/linux@sha256:20528e8c29e4536546f0102ce88568b16ea7538393a33fcca951030f7af10457" "/opt/rustwide/cargo-home/bin/cargo" "+ff34b919075f35a1787659e9c448a34b06bab8de" "metadata" "--no-deps" "--format-version=1", kill_on_drop: false }`
[INFO] [stdout] 10fa33c30a71cd0914338f828e09ae3d88e1d87dd01abd68bf5bc3e44d3865d0
[INFO] [stderr] WARNING: Your kernel does not support swap limit capabilities or the cgroup is not mounted. Memory limited without swap.
[INFO] running `Command { std: "docker" "start" "-a" "10fa33c30a71cd0914338f828e09ae3d88e1d87dd01abd68bf5bc3e44d3865d0", kill_on_drop: false }`
[INFO] running `Command { std: "docker" "inspect" "10fa33c30a71cd0914338f828e09ae3d88e1d87dd01abd68bf5bc3e44d3865d0", kill_on_drop: false }`
[INFO] running `Command { std: "docker" "rm" "-f" "10fa33c30a71cd0914338f828e09ae3d88e1d87dd01abd68bf5bc3e44d3865d0", kill_on_drop: false }`
[INFO] [stdout] 10fa33c30a71cd0914338f828e09ae3d88e1d87dd01abd68bf5bc3e44d3865d0
[INFO] running `Command { std: "docker" "create" "-v" "/var/lib/crater-agent-workspace/builds/worker-8/target:/opt/rustwide/target:rw,Z" "-v" "/var/lib/crater-agent-workspace/builds/worker-8/source:/opt/rustwide/workdir:ro,Z" "-v" "/var/lib/crater-agent-workspace/cargo-home:/opt/rustwide/cargo-home:ro,Z" "-v" "/var/lib/crater-agent-workspace/rustup-home:/opt/rustwide/rustup-home:ro,Z" "-e" "SOURCE_DIR=/opt/rustwide/workdir" "-e" "CARGO_TARGET_DIR=/opt/rustwide/target" "-e" "CARGO_INCREMENTAL=0" "-e" "RUST_BACKTRACE=full" "-e" "RUSTFLAGS=--cap-lints=forbid" "-e" "CARGO_HOME=/opt/rustwide/cargo-home" "-e" "RUSTUP_HOME=/opt/rustwide/rustup-home" "-w" "/opt/rustwide/workdir" "-m" "1610612736" "--user" "0:0" "--network" "none" "ghcr.io/rust-lang/crates-build-env/linux@sha256:20528e8c29e4536546f0102ce88568b16ea7538393a33fcca951030f7af10457" "/opt/rustwide/cargo-home/bin/cargo" "+ff34b919075f35a1787659e9c448a34b06bab8de" "build" "--frozen" "--message-format=json", kill_on_drop: false }`
[INFO] [stdout] e66369d797f230918fe03d3cb11b8be97d7bf032d77ca4466f6241a68c37c9f6
[INFO] [stderr] WARNING: Your kernel does not support swap limit capabilities or the cgroup is not mounted. Memory limited without swap.
[INFO] running `Command { std: "docker" "start" "-a" "e66369d797f230918fe03d3cb11b8be97d7bf032d77ca4466f6241a68c37c9f6", kill_on_drop: false }`
[INFO] [stderr] warning: An explicit [[bin]] section is specified in Cargo.toml which currently
[INFO] [stderr] disables Cargo from automatically inferring other binary targets.
[INFO] [stderr] This inference behavior will change in the Rust 2018 edition and the following
[INFO] [stderr] files will be included as a binary target:
[INFO] [stderr] 
[INFO] [stderr] * /opt/rustwide/workdir/src/main.rs
[INFO] [stderr] 
[INFO] [stderr] This is likely to break cargo build or cargo test as these files may not be
[INFO] [stderr] ready to be compiled as a binary target today. You can future-proof yourself
[INFO] [stderr] and disable this warning by adding `autobins = false` to your [package]
[INFO] [stderr] section. You may also move the files to a location where Cargo would not
[INFO] [stderr] automatically infer them to be a target, such as in subfolders.
[INFO] [stderr] 
[INFO] [stderr] For more information on this warning you can consult
[INFO] [stderr] https://github.com/rust-lang/cargo/issues/5330
[INFO] [stderr] warning: path `/opt/rustwide/workdir/src/main.rs` was erroneously implicitly accepted for binary `graffiti`,
[INFO] [stderr] please set bin.path in Cargo.toml
[INFO] [stderr]    Compiling libc v0.2.30
[INFO] [stderr]    Compiling num-traits v0.1.40
[INFO] [stderr]    Compiling log v0.3.8
[INFO] [stderr]    Compiling rustc-serialize v0.3.24
[INFO] [stderr]    Compiling siphasher v0.2.2
[INFO] [stderr]    Compiling khronos_api v1.0.1
[INFO] [stderr]    Compiling serde v0.9.15
[INFO] [stderr]    Compiling itoa v0.3.3
[INFO] [stderr]    Compiling dtoa v0.4.2
[INFO] [stderr]    Compiling gcc v0.3.53
[INFO] [stderr]    Compiling shader_version v0.2.2
[INFO] [stderr]    Compiling futures v0.1.15
[INFO] [stderr]    Compiling matches v0.1.6
[INFO] [stderr]    Compiling version_check v0.1.3
[INFO] [stderr]    Compiling byteorder v0.5.3
[INFO] [stderr]    Compiling crossbeam v0.2.10
[INFO] [stderr]    Compiling lzw v0.9.0
[INFO] [stderr]    Compiling odds v0.2.25
[INFO] [stderr]    Compiling unicode-normalization v0.1.5
[INFO] [stderr]    Compiling piston-float v0.3.0
[INFO] [stderr]    Compiling safemem v0.2.0
[INFO] [stderr]    Compiling bitflags v0.8.2
[INFO] [stderr]    Compiling percent-encoding v1.0.0
[INFO] [stderr]    Compiling httparse v1.2.3
[INFO] [stderr]    Compiling pkg-config v0.3.9
[INFO] [stderr]    Compiling linked-hash-map v0.0.10
[INFO] [stderr]    Compiling route-recognizer v0.1.12
[INFO] [stderr]    Compiling argparse v0.2.1
[INFO] [stderr]    Compiling beam v0.1.0
[INFO] [stderr]    Compiling xml-rs v0.3.6
[INFO] [stderr]    Compiling xml-rs v0.6.1
[INFO] [stderr]    Compiling unsafe-any v0.4.2
[INFO] [stderr]    Compiling stb_truetype v0.2.1
[INFO] [stderr]    Compiling error v0.1.9
[INFO] [stderr]    Compiling typemap v0.3.3
[INFO] [stderr]    Compiling base64 v0.6.0
[INFO] [stderr]    Compiling piston-viewport v0.3.0
[INFO] [stderr]    Compiling unicode-bidi v0.3.4
[INFO] [stderr]    Compiling rand v0.3.16
[INFO] [stderr]    Compiling num_cpus v1.6.2
[INFO] [stderr]    Compiling time v0.1.38
[INFO] [stderr]    Compiling shared_library v0.1.7
[INFO] [stderr]    Compiling dylib v0.0.1
[INFO] [stderr]    Compiling net2 v0.2.31
[INFO] [stderr]    Compiling rscam v0.5.3
[INFO] [stderr]    Compiling fs2 v0.2.5
[INFO] [stderr]    Compiling gl_generator v0.4.2
[INFO] [stderr]    Compiling gfx_core v0.2.1
[INFO] [stderr]    Compiling mime v0.2.6
[INFO] [stderr]    Compiling ilda v0.0.2
[INFO] [stderr]    Compiling x11-dl v2.3.1
[INFO] [stderr]    Compiling phf_shared v0.7.21
[INFO] [stderr]    Compiling plugin v0.2.6
[INFO] [stderr]    Compiling osmesa-sys v0.0.5
[INFO] [stderr]    Compiling gif v0.7.0
[INFO] [stderr]    Compiling nodrop v0.1.9
[INFO] [stderr]    Compiling memmap v0.2.3
[INFO] [stderr]    Compiling num-integer v0.1.35
[INFO] [stderr]    Compiling enum_primitive v0.1.1
[INFO] [stderr]    Compiling etherdream v0.0.7
[INFO] [stderr]    Compiling phf v0.7.21
[INFO] [stderr]    Compiling arrayvec v0.3.23
[INFO] [stderr]    Compiling wayland-scanner v0.5.11
[INFO] [stderr]    Compiling phf_generator v0.7.21
[INFO] [stderr]    Compiling tempfile v2.1.6
[INFO] [stderr]    Compiling unicase v1.4.2
[INFO] [stderr]    Compiling idna v0.1.4
[INFO] [stderr]    Compiling phf_codegen v0.7.21
[INFO] [stderr]    Compiling num-iter v0.1.34
[INFO] [stderr]    Compiling camera_capture v0.3.0
[INFO] [stderr]    Compiling gl_generator v0.5.5
[INFO] [stderr]    Compiling lase v0.0.1
[INFO] [stderr]    Compiling rusttype v0.2.1
[INFO] [stderr]    Compiling rayon-core v1.2.1
[INFO] [stderr]    Compiling glutin v0.4.9
[INFO] [stderr]    Compiling gl v0.5.2
[INFO] [stderr]    Compiling target_build_utils v0.3.1
[INFO] [stderr] error: failed to run custom build command for `camera_capture v0.3.0`
[INFO] [stderr] 
[INFO] [stderr] Caused by:
[INFO] [stderr]   process didn't exit successfully: `/opt/rustwide/target/debug/build/camera_capture-0b6c1d452d0536f5/build-script-build` (exit status: 101)
[INFO] [stderr]   --- stdout
[INFO] [stderr]   cargo:rerun-if-changed=Cargo.toml
[INFO] [stderr] 
[INFO] [stderr]   --- stderr
[INFO] [stderr]   thread 'main' panicked at 'library `v4l2` not found: Failure { command: "\"pkg-config\" \"--static\" \"--libs\" \"--cflags\" \"libv4l2\"", output: Output { status: ExitStatus(ExitStatus(256)), stdout: "", stderr: "Package libv4l2 was not found in the pkg-config search path.\nPerhaps you should add the directory containing `libv4l2.pc'\nto the PKG_CONFIG_PATH environment variable\nNo package 'libv4l2' found\n" } }', /opt/rustwide/cargo-home/registry/src/github.com-1ecc6299db9ec823/camera_capture-0.3.0/build.rs:6:65
[INFO] [stderr]   stack backtrace:
[INFO] [stderr]      0:     0x55d161155170 - std::backtrace_rs::backtrace::libunwind::trace::hdcf4f90f85129e83
[INFO] [stderr]                                  at /rustc/ff34b919075f35a1787659e9c448a34b06bab8de/library/std/src/../../backtrace/src/backtrace/libunwind.rs:90:5
[INFO] [stderr]      1:     0x55d161155170 - std::backtrace_rs::backtrace::trace_unsynchronized::h2669e30cb82f6732
[INFO] [stderr]                                  at /rustc/ff34b919075f35a1787659e9c448a34b06bab8de/library/std/src/../../backtrace/src/backtrace/mod.rs:66:5
[INFO] [stderr]      2:     0x55d161155170 - std::sys_common::backtrace::_print_fmt::hfbda19e17f6db318
[INFO] [stderr]                                  at /rustc/ff34b919075f35a1787659e9c448a34b06bab8de/library/std/src/sys_common/backtrace.rs:67:5
[INFO] [stderr]      3:     0x55d161155170 - <std::sys_common::backtrace::_print::DisplayBacktrace as core::fmt::Display>::fmt::h1a8751bf59281272
[INFO] [stderr]                                  at /rustc/ff34b919075f35a1787659e9c448a34b06bab8de/library/std/src/sys_common/backtrace.rs:46:22
[INFO] [stderr]      4:     0x55d1611733ff - core::fmt::write::h7aa6cd0067dca82a
[INFO] [stderr]                                  at /rustc/ff34b919075f35a1787659e9c448a34b06bab8de/library/core/src/fmt/mod.rs:1094:17
[INFO] [stderr]      5:     0x55d161152d05 - std::io::Write::write_fmt::hd7dd3a1df9b6befb
[INFO] [stderr]                                  at /rustc/ff34b919075f35a1787659e9c448a34b06bab8de/library/std/src/io/mod.rs:1584:15
[INFO] [stderr]      6:     0x55d161156f5b - std::sys_common::backtrace::_print::h551e9ec8a9fa8106
[INFO] [stderr]                                  at /rustc/ff34b919075f35a1787659e9c448a34b06bab8de/library/std/src/sys_common/backtrace.rs:49:5
[INFO] [stderr]      7:     0x55d161156f5b - std::sys_common::backtrace::print::ha4b1c5e95fa040b3
[INFO] [stderr]                                  at /rustc/ff34b919075f35a1787659e9c448a34b06bab8de/library/std/src/sys_common/backtrace.rs:36:9
[INFO] [stderr]      8:     0x55d161156f5b - std::panicking::default_hook::{{closure}}::h0b34c9ab7fb9f857
[INFO] [stderr]                                  at /rustc/ff34b919075f35a1787659e9c448a34b06bab8de/library/std/src/panicking.rs:208:50
[INFO] [stderr]      9:     0x55d161156a3d - std::panicking::default_hook::h3067e8318decd17a
[INFO] [stderr]                                  at /rustc/ff34b919075f35a1787659e9c448a34b06bab8de/library/std/src/panicking.rs:225:9
[INFO] [stderr]     10:     0x55d16115750d - std::panicking::rust_panic_with_hook::h81b8facc50f34daa
[INFO] [stderr]                                  at /rustc/ff34b919075f35a1787659e9c448a34b06bab8de/library/std/src/panicking.rs:591:17
[INFO] [stderr]     11:     0x55d161157107 - std::panicking::begin_panic_handler::{{closure}}::ha376ab85d95a000e
[INFO] [stderr]                                  at /rustc/ff34b919075f35a1787659e9c448a34b06bab8de/library/std/src/panicking.rs:497:13
[INFO] [stderr]     12:     0x55d16115562c - std::sys_common::backtrace::__rust_end_short_backtrace::h6795c8afdd1a77e6
[INFO] [stderr]                                  at /rustc/ff34b919075f35a1787659e9c448a34b06bab8de/library/std/src/sys_common/backtrace.rs:141:18
[INFO] [stderr]     13:     0x55d161157069 - rust_begin_unwind
[INFO] [stderr]                                  at /rustc/ff34b919075f35a1787659e9c448a34b06bab8de/library/std/src/panicking.rs:493:5
[INFO] [stderr]     14:     0x55d1611261c1 - core::panicking::panic_fmt::hbe99dddd3092ba3c
[INFO] [stderr]                                  at /rustc/ff34b919075f35a1787659e9c448a34b06bab8de/library/core/src/panicking.rs:92:14
[INFO] [stderr]     15:     0x55d161126253 - core::result::unwrap_failed::hf79563fef9d11ab8
[INFO] [stderr]                                  at /rustc/ff34b919075f35a1787659e9c448a34b06bab8de/library/core/src/result.rs:1355:5
[INFO] [stderr]     16:     0x55d161126b70 - core::result::Result<T,E>::expect::hefaeca7e8bb7dd3c
[INFO] [stderr]                                  at /rustc/ff34b919075f35a1787659e9c448a34b06bab8de/library/core/src/result.rs:997:23
[INFO] [stderr]     17:     0x55d161126edc - build_script_build::main::he191321119334be8
[INFO] [stderr]                                  at /opt/rustwide/cargo-home/registry/src/github.com-1ecc6299db9ec823/camera_capture-0.3.0/build.rs:6:9
[INFO] [stderr]     18:     0x55d161126cfb - core::ops::function::FnOnce::call_once::h5a12d640f4ba39f2
[INFO] [stderr]                                  at /rustc/ff34b919075f35a1787659e9c448a34b06bab8de/library/core/src/ops/function.rs:227:5
[INFO] [stderr]     19:     0x55d161126c9e - std::sys_common::backtrace::__rust_begin_short_backtrace::h12675f95d8ef4dbe
[INFO] [stderr]                                  at /rustc/ff34b919075f35a1787659e9c448a34b06bab8de/library/std/src/sys_common/backtrace.rs:125:18
[INFO] [stderr]     20:     0x55d1611269d1 - std::rt::lang_start::{{closure}}::hcf5fc5ea6ca932d1
[INFO] [stderr]                                  at /rustc/ff34b919075f35a1787659e9c448a34b06bab8de/library/std/src/rt.rs:49:18
[INFO] [stderr]     21:     0x55d16115790a - core::ops::function::impls::<impl core::ops::function::FnOnce<A> for &F>::call_once::h3b8c329143d7638a
[INFO] [stderr]                                  at /rustc/ff34b919075f35a1787659e9c448a34b06bab8de/library/core/src/ops/function.rs:259:13
[INFO] [stderr]     22:     0x55d16115790a - std::panicking::try::do_call::h4b72c261b4eefc1b
[INFO] [stderr]                                  at /rustc/ff34b919075f35a1787659e9c448a34b06bab8de/library/std/src/panicking.rs:379:40
[INFO] [stderr]     23:     0x55d16115790a - std::panicking::try::h703d31b7896cbd49
[INFO] [stderr]                                  at /rustc/ff34b919075f35a1787659e9c448a34b06bab8de/library/std/src/panicking.rs:343:19
[INFO] [stderr]     24:     0x55d16115790a - std::panic::catch_unwind::h37cad9b35388a915
[INFO] [stderr]                                  at /rustc/ff34b919075f35a1787659e9c448a34b06bab8de/library/std/src/panic.rs:431:14
[INFO] [stderr]     25:     0x55d16115790a - std::rt::lang_start_internal::hab5a8a909af4f90e
[INFO] [stderr]                                  at /rustc/ff34b919075f35a1787659e9c448a34b06bab8de/library/std/src/rt.rs:34:21
[INFO] [stderr]     26:     0x55d1611269b0 - std::rt::lang_start::h196a25f8e631647d
[INFO] [stderr]                                  at /rustc/ff34b919075f35a1787659e9c448a34b06bab8de/library/std/src/rt.rs:48:5
[INFO] [stderr]     27:     0x55d161126f7c - main
[INFO] [stderr]     28:     0x7f895e4c60b3 - __libc_start_main
[INFO] [stderr]     29:     0x55d1611268be - _start
[INFO] [stderr]     30:                0x0 - <unknown>
[INFO] [stderr] warning: build failed, waiting for other jobs to finish...
[INFO] [stdout] error[E0311]: the parameter type `K` may not live long enough
[INFO] [stdout]   --> /opt/rustwide/cargo-home/registry/src/github.com-1ecc6299db9ec823/rusttype-0.2.1/src/support/bst/map.rs:81:19
[INFO] [stdout]    |
[INFO] [stdout] 81 |             match node.force() {
[INFO] [stdout]    |                   ^^^^
[INFO] [stdout]    |
[INFO] [stdout] note: the parameter type `K` must be valid for the anonymous lifetime defined on the function body at 78:37...
[INFO] [stdout]   --> /opt/rustwide/cargo-home/registry/src/github.com-1ecc6299db9ec823/rusttype-0.2.1/src/support/bst/map.rs:78:37
[INFO] [stdout]    |
[INFO] [stdout] 78 |                 node: node::NodeRef<marker::Immut, K, V, marker::LeafOrInternal>)
[INFO] [stdout]    |                                     ^^^^^^^^^^^^^
[INFO] [stdout] 
[INFO] [stdout] 
[INFO] [stdout] error[E0311]: the parameter type `V` may not live long enough
[INFO] [stdout]   --> /opt/rustwide/cargo-home/registry/src/github.com-1ecc6299db9ec823/rusttype-0.2.1/src/support/bst/map.rs:81:19
[INFO] [stdout]    |
[INFO] [stdout] 81 |             match node.force() {
[INFO] [stdout]    |                   ^^^^
[INFO] [stdout]    |
[INFO] [stdout] note: the parameter type `V` must be valid for the anonymous lifetime defined on the function body at 78:37...
[INFO] [stdout]   --> /opt/rustwide/cargo-home/registry/src/github.com-1ecc6299db9ec823/rusttype-0.2.1/src/support/bst/map.rs:78:37
[INFO] [stdout]    |
[INFO] [stdout] 78 |                 node: node::NodeRef<marker::Immut, K, V, marker::LeafOrInternal>)
[INFO] [stdout]    |                                     ^^^^^^^^^^^^^
[INFO] [stdout] 
[INFO] [stdout] 
[INFO] [stdout] error: aborting due to 2 previous errors
[INFO] [stdout] 
[INFO] [stdout] 
[INFO] [stderr] error: build failed
[INFO] running `Command { std: "docker" "inspect" "e66369d797f230918fe03d3cb11b8be97d7bf032d77ca4466f6241a68c37c9f6", kill_on_drop: false }`
[INFO] running `Command { std: "docker" "rm" "-f" "e66369d797f230918fe03d3cb11b8be97d7bf032d77ca4466f6241a68c37c9f6", kill_on_drop: false }`
[INFO] [stdout] e66369d797f230918fe03d3cb11b8be97d7bf032d77ca4466f6241a68c37c9f6
